{"id":42,"date":"2018-03-10T17:53:31","date_gmt":"2018-03-10T16:53:31","guid":{"rendered":"https:\/\/atelier-des-lys.fr\/?page_id=42"},"modified":"2018-09-07T15:19:38","modified_gmt":"2018-09-07T13:19:38","slug":"tapisserie-armoiries-nos-artistes","status":"publish","type":"page","link":"https:\/\/atelier-des-lys.fr\/index.php\/tapisserie-armoiries-nos-artistes\/","title":{"rendered":"NOS ARTISTES"},"content":{"rendered":"<h5><\/h5>\n<h5><span style=\"color: #1e73be;\">&gt;<a href=\"https:\/\/atelier-des-lys.fr\/index.php\/contact\/\" target=\"_blank\" rel=\"noopener\"> St\u00e9phane Pierre &#8211; <\/a><\/span><em><span style=\"color: #000000;\">Lissier Cr\u00e9ateur \u00ab\u00a0Adam\u00a0\u00bb<\/span><\/em><\/h5>\n<p>Lissier Cr\u00e9ateur depuis 20 ans, membre des artistes et artisans d&rsquo;art du parc naturel du Vexin, je fais d\u00e9couvrir la tapisserie de haute\u00a0 lisse\u00a0 \u00e0 travers des expositions nationales,\u00a0 internationales et diverses d\u00e9monstrations. A travers toutes les techniques de la tapisserie, traditionnelle et en relief, j\u2019aime \u00e0 rendre une expression de la nature \u00e0 la fois fid\u00e8le et po\u00e9tique, proche de l\u2019impressionnisme. En effet, comme une \u0153uvre impressionniste, mes tapisseries, cr\u00e9ations textur\u00e9es au premier regard se r\u00e9v\u00e8lent pleinement avec certain recul. Le tissage est un art de longue haleine et le temps de r\u00e9alisation se compte en centaines d\u2019heures :<\/p>\n<blockquote><p>mes tapisseries sont des \u0153uvres uniques, un savoir-faire de la tradition fran\u00e7aise dans le 21\u00e8me si\u00e8cle.<\/p><\/blockquote>\n<h6><span style=\"color: #1e73be;\">Cr\u00e9ations :<\/span><\/h6>\n<ul>\n<li>Haute lisse<\/li>\n<li>Basse Lisse <\/li>\n<li>Sculpture<\/li>\n<li>jusqu&rsquo;\u00e0 12m2 d&rsquo;envergure<\/li>\n<\/ul>\n<hr \/>\n<h5><a href=\"https:\/\/atelier-des-lys.fr\/index.php\/contact\/\" target=\"_blank\" rel=\"noopener\"><span style=\"color: #1e73be;\">\u203a Marc Mayo<strong> &#8211;\u00a0 <\/strong><em><span style=\"color: #000000;\">Artiste h\u00e9raldiste<\/span><\/em><\/span><\/a><\/h5>\n<p>Depuis 2002, je cr\u00e9e ou reproduis des dessins et peintures de blasons et d&rsquo;armoiries selon les souhaits de mes clients. De la simple reproduction \u00e0 r\u00e9aliser \u00e0 partir d&rsquo;un document fourni ou partant d&rsquo;une feuille blanche sur la base d&rsquo;informations familiales ou personnelles (histoire, origine,valeurs, faits marquants&#8230;), je m&rsquo;applique \u00e0 r\u00e9aliser \u00e0 la main une \u0153uvre originale respectant les r\u00e8gles et les usages h\u00e9raldiques.<\/p>\n<blockquote><p>A partir de vos envies et d&rsquo;une \u00e9coute active , j&rsquo;essaye de me rapprocher au plus pr\u00e8s de votre imaginaire et de votre personnalit\u00e9 comme si c&rsquo;\u00e9tait vous le dessinateur.<\/p><\/blockquote>\n<p>C&rsquo;est pourquoi, dans ma m\u00e9thodologie de travail, je ne passe jamais en phase de production tant que la maquette soumise n&rsquo;a pas \u00e9t\u00e9 valid\u00e9e \u00e0 100%.<\/p>\n<h6><span style=\"color: #1e73be;\">Cr\u00e9ation sur diff\u00e9rents supports possibles :<\/span><\/h6>\n<ul>\n<li>Encre de chine et feuille d&rsquo;or<\/li>\n<li>Peinture \u00e0 l&rsquo;huile, Gouache, Feutres alcools,<\/li>\n<li>Parchemin<\/li>\n<li>Informatique<\/li>\n<li>Gravure chevali\u00e8re, Porcelaine, Tapisserie &#8230;<\/li>\n<\/ul>\n","protected":false},"excerpt":{"rendered":"<p>&gt; St\u00e9phane Pierre &#8211; Lissier Cr\u00e9ateur \u00ab\u00a0Adam\u00a0\u00bb Lissier Cr\u00e9ateur depuis 20 ans, membre des artistes et artisans d&rsquo;art du parc naturel du Vexin, je fais d\u00e9couvrir la tapisserie de haute\u00a0 lisse\u00a0 \u00e0 travers des expositions nationales,\u00a0 internationales et diverses d\u00e9monstrations.<\/p>\n","protected":false},"author":1,"featured_media":0,"parent":0,"menu_order":0,"comment_status":"closed","ping_status":"closed","template":"","meta":{"footnotes":""},"class_list":["post-42","page","type-page","status-publish","hentry"],"_links":{"self":[{"href":"https:\/\/atelier-des-lys.fr\/index.php\/wp-json\/wp\/v2\/pages\/42","targetHints":{"allow":["GET"]}}],"collection":[{"href":"https:\/\/atelier-des-lys.fr\/index.php\/wp-json\/wp\/v2\/pages"}],"about":[{"href":"https:\/\/atelier-des-lys.fr\/index.php\/wp-json\/wp\/v2\/types\/page"}],"author":[{"embeddable":true,"href":"https:\/\/atelier-des-lys.fr\/index.php\/wp-json\/wp\/v2\/users\/1"}],"replies":[{"embeddable":true,"href":"https:\/\/atelier-des-lys.fr\/index.php\/wp-json\/wp\/v2\/comments?post=42"}],"version-history":[{"count":22,"href":"https:\/\/atelier-des-lys.fr\/index.php\/wp-json\/wp\/v2\/pages\/42\/revisions"}],"predecessor-version":[{"id":397,"href":"https:\/\/atelier-des-lys.fr\/index.php\/wp-json\/wp\/v2\/pages\/42\/revisions\/397"}],"wp:attachment":[{"href":"https:\/\/atelier-des-lys.fr\/index.php\/wp-json\/wp\/v2\/media?parent=42"}],"curies":[{"name":"wp","href":"https:\/\/api.w.org\/{rel}","templated":true}]}}

<h5></h5>
<h5><span style="color: #1e73be;">&gt;<a href="https://atelier-des-lys.fr/index.php/contact/" target="_blank" rel="noopener"> Stéphane Pierre &#8211; </a></span><em><span style="color: #000000;">Lissier Créateur « Adam »</span></em></h5>
<p>Lissier Créateur depuis 20 ans, membre des artistes et artisans d&rsquo;art du parc naturel du Vexin, je fais découvrir la tapisserie de haute  lisse  à travers des expositions nationales,  internationales et diverses démonstrations. A travers toutes les techniques de la tapisserie, traditionnelle et en relief, j’aime à rendre une expression de la nature à la fois fidèle et poétique, proche de l’impressionnisme. En effet, comme une œuvre impressionniste, mes tapisseries, créations texturées au premier regard se révèlent pleinement avec certain recul. Le tissage est un art de longue haleine et le temps de réalisation se compte en centaines d’heures :</p>
<blockquote><p>mes tapisseries sont des œuvres uniques, un savoir-faire de la tradition française dans le 21ème siècle.</p></blockquote>
<h6><span style="color: #1e73be;">Créations :</span></h6>
<ul>
<li>Haute lisse</li>
<li>Basse Lisse </li>
<li>Sculpture</li>
<li>jusqu&rsquo;à 12m2 d&rsquo;envergure</li>
</ul>
<hr />
<h5><a href="https://atelier-des-lys.fr/index.php/contact/" target="_blank" rel="noopener"><span style="color: #1e73be;">› Marc Mayo<strong> &#8211;  </strong><em><span style="color: #000000;">Artiste héraldiste</span></em></span></a></h5>
<p>Depuis 2002, je crée ou reproduis des dessins et peintures de blasons et d&rsquo;armoiries selon les souhaits de mes clients. De la simple reproduction à réaliser à partir d&rsquo;un document fourni ou partant d&rsquo;une feuille blanche sur la base d&rsquo;informations familiales ou personnelles (histoire, origine,valeurs, faits marquants&#8230;), je m&rsquo;applique à réaliser à la main une œuvre originale respectant les règles et les usages héraldiques.</p>
<blockquote><p>A partir de vos envies et d&rsquo;une écoute active , j&rsquo;essaye de me rapprocher au plus près de votre imaginaire et de votre personnalité comme si c&rsquo;était vous le dessinateur.</p></blockquote>
<p>C&rsquo;est pourquoi, dans ma méthodologie de travail, je ne passe jamais en phase de production tant que la maquette soumise n&rsquo;a pas été validée à 100%.</p>
<h6><span style="color: #1e73be;">Création sur différents supports possibles :</span></h6>
<ul>
<li>Encre de chine et feuille d&rsquo;or</li>
<li>Peinture à l&rsquo;huile, Gouache, Feutres alcools,</li>
<li>Parchemin</li>
<li>Informatique</li>
<li>Gravure chevalière, Porcelaine, Tapisserie &#8230;</li>
</ul>

<p>&gt; Stéphane Pierre &#8211; Lissier Créateur « Adam » Lissier Créateur depuis 20 ans, membre des artistes et artisans d&rsquo;art du parc naturel du Vexin, je fais découvrir la tapisserie de haute  lisse  à travers des expositions nationales,  internationales et diverses démonstrations.</p>
